 - 95. Suppose 4*i - y - 62 = 0. List the prime factors of i.
5
Let x be 77 + 1 + 0/9. Let i = x + -25. What are the prime factors of i?
53
Let x(a) = -14*a - 13. Let f(r) = -5*r - 4. Let k(n) = 11*f(n) - 4*x(n). Let d be k(-6). Suppose 20 = t - 4*p, -4*t - p = d*p - 42. List the prime factors of t.
2, 3
Let g(l) = l**2 + 8. Let i be g(0). List the prime factors of 20/i + 2/4.
3
Let z be 124/(-6)*(6 - 12). Suppose -i - 3*i = 12, 0 = -4*j + 4*i + z. What are the prime factors of j?
2, 7
Let k = -8 - -11. Suppose 5*r + y - 42 = 0, -2*r + 2*y + 15 = k*y. What are the prime factors of r?
3
Suppose -4*f - 3 = -11. Let o be (-2)/(f/(24/2)). Let t = o - -20. List the prime factors of t.
2
Suppose -3*q + 2*q = -23. Let u = -13 + q. What are the prime factors of u?
2, 5
Let g be (-1 + 0)/(0 + -1). Let x = 4 + g. Let i = -3 + x. What are the prime factors of i?
2
Suppose -j + 6 = 2*j. Suppose -5*o = -4*h - 26, -j*o = 3*o - 5*h - 30. List the prime factors of o.
2
Let t(v) be the second derivative of v**4/6 + v**3/3 + v**2 - 3*v. Let f be t(-3). Let k = 27 - f. List the prime factors of k.
13
Let g(a) = a**2 - 8*a + 9. Let z be g(7). What are the prime factors of z/(-8) - 26/(-8)?
3
Let b be (-3)/(-3) - (-2 - -35). Let u = b + 55. What are the prime factors of u?
23
Let f(x) = -2*x + 17. List the prime factors of f(-18).
53
Suppose -4*v + 1 = -3*x, -v = -5*v + 2*x + 6. Suppose -3*u = -5*t + 134, v*t = 4*u + 169 - 57. What are the prime factors of t?
5
Let z(s) be the first derivative of -s**4/4 + 2*s**3 - s**2/2 - s - 6. What are the prime factors of z(3)?
23
Let i = -69 + 140. List the prime factors of i.
71
Let n(k) = 74*k + 12 - 12 - 25*k. What are the prime factors of n(1)?
7
Let v(r) = r**3 + 14*r**2 + 13*r + 10. What are the prime factors of v(-13)?
2, 5
Let g(f) be the first derivative of 2*f**3/3 + 2*f**2 + f - 1. Suppose w = -3*w + 2*r - 10, 2*w + 9 = -3*r. What are the prime factors of g(w)?
7
Let z be (-2 + 10)/((-2)/(-3)). Let w = 19 - z. List the prime factors of w.
7
Suppose n + 27 = 3*h, n - 4 = -h + 3*n. Suppose -4 = 2*g - h. Suppose 8*d - g*d = 55. What are the prime factors of d?
11
Suppose -j - 2 = -3*j, -v - 5*j = -77. List the prime factors of v.
2, 3
Suppose -3*l = 32 + 34. Let s = l - -36. Let q = s - -2. What are the prime factors of q?
2
Suppose 5*o - 47 = 53. Let f = o - 9. What are the prime factors of f?
11
Let a = -12 + 18. Suppose -39 - a = -5*r. List the prime factors of r.
3
Let s(q) = 4*q**2 + 5*q - 4. Let r = -12 - -8. Let l be s(r). Suppose -b = 3*b - l. List the prime factors of b.
2, 5
Let s(w) = w**3 + 6*w**2 + 5*w - 2. Let g be s(-4). Suppose -t + g = 2*o, 5*t - 5 = -3*o + t. What are the prime factors of o?
7
Let w be (-7)/(-2) - 2/4. Suppose 0 = -0*y - 4*y + 8. List the prime factors of y/(0 - w/(-18)).
2, 3
Suppose -5*g - 50 = -10*g. What are the prime factors of g?
2, 5
Suppose 4*m = -q + 104, 2*q + 2*q = -2*m + 66. Suppose -4*b = -12, -m = 2*v + 2*v + b. Let c = 12 + v. List the prime factors of c.
5
Suppose 3*u = 22 + 134. List the prime factors of u.
2, 13
Let h be 93 + -9 + 1*-1. Suppose 4*i - 62 = y + 5, -5*i + h = -y. What are the prime factors of i?
2
Suppose 2*o + 0*o + 2*w = 10, 0 = 2*o - 5*w + 11. Suppose 25 = 2*i + 3*a + 3, -o*i + 3*a = -22. What are the prime factors of i?
11
Let r = 20 + -12. Let u = -4 + r. Suppose 0 = 3*v - 5 - u. What are the prime factors of v?
3
Let v(g) = 6*g**3 + 4*g**2 - 3*g + 7. What are the prime factors of v(3)?
2, 7
Let t = 76 - 53. List the prime factors of t.
23
Let g be 3/(-6) + (-15)/(-6). Suppose -u - g*b - 16 = 0, u + 5*b + 3 = -25. Let x = 10 + u. What are the prime factors of x?
2
Suppose -5*l + 4*l - f - 4 = 0, -4*l - 8 = 2*f. Suppose l = q + 4*q - 150. What are the prime factors of q?
2, 3, 5
Suppose -5*p = -j + 35, -3*j + 86 = 4*p - 0*p. List the prime factors of j.
2, 3, 5
Suppose -4*n - 1 = -5. Let f be 0*n/1*1. Suppose f = 4*r - 0*o + 3*o - 57, -2*r + 32 = -2*o. What are the prime factors of r?
3, 5
Let n(u) = -u + 13. Let i be n(11). Let z(l) = 5 - 6 + l**2 + l**i + 3*l + 0*l**2. What are the prime factors of z(2)?
13
Suppose 4*z = -4*n, z + 4*n = -1 - 11. Suppose z*k = 5 + 31. List the prime factors of k.
3
Let z = 17 - 17. Suppose z = -u - 0*u + 6. List the prime factors of u.
2, 3
Let k(a) be the first derivative of a**3/3 + 4*a**2 + 9*a + 1. What are the prime factors of k(-7)?
2
Let m(y) = y**2 - 6*y - 1. Let l be m(8). Suppose 2*w = -l + 53. What are the prime factors of w?
19
Let p = -574 + 1078. Let d = 112 - p. List the prime factors of d/(-24) - 2/(-3).
17
Let d be (-3)/(-1)*20/(-3). Let q = -11 - d. List the prime factors of q.
3
Suppose 2*h = 4*h - 56. Suppose 2*f - 4*f = -h. What are the prime factors of f?
2, 7
Suppose 5*p - 1 = -2*o + 2*p, 0 = -5*o + 4*p + 14. Suppose -o*i + 3*n + 30 = 0, -4*n - 5 = 11. List the prime factors of i.
3
Let x be 1 - 2 - 18/1. Suppose 0 = -2*g + 6*g - y - 128, 4*g - 4*y - 140 = 0. Let r = g + x. List the prime factors of r.
2, 3
Let s(z) = 2*z**2 + 7*z + 4. Let p be s(-4). Suppose -5*u = -32 - p. List the prime factors of u.
2
Let b = 64 - -3. What are the prime factors of b?
67
Let d(u) = 2*u. Let k be d(1). Suppose -6*i + 35 + 7 = 0. Suppose p + 2 = i, -55 = -5*f + k*p. List the prime factors of f.
13
Suppose 0 = 2*v - 2 - 4. What are the prime factors of v?
3
Let v(p) = -p**2 + 8*p - 7. Let w be v(8). Let d = w + 9. Suppose 3*g = -d*u + 14, 73 = -u + 6*u - 2*g. What are the prime factors of u?
13
What are the prime factors of ((-212)/8)/((-2)/4)?
53
Let j(i) = 22*i + 1. List the prime factors of j(2).
3, 5
Suppose -2*y + 38 = 4*j, -4*y + 10 = 3*j - 6. List the prime factors of (j/7)/((-18)/(-63)).
2, 3
Let o be 34/(-1) - (-2)/(-1). Let i = o - -52. Suppose 0*c - c - t + 7 = 0, 0 = -4*t - i. What are the prime factors of c?
11
Suppose -7 = 5*p - 3*b + 48, 18 = -p + 2*b. Let h(n) = -n**3 - 8*n + 2*n**3 + 7*n**2 + 1 + 3. What are the prime factors of h(p)?
2
List the prime factors of 470/9 - 26/117.
2, 13
Suppose -121 = -j - 15. List the prime factors of j.
2, 53
Let g(w) = 4*w**2 + 2*w + 1. Let u be g(-1). Suppose -h = 2*h - 4*t - 32, 0 = u*h + 5*t + 13. Suppose -h*f - 1 + 9 = 0. What are the prime factors of f?
2
Suppose 12*k = 354 + 870. List the prime factors of k.
2, 3, 17
Suppose -5*d - 1 = -4*n - 80, -42 = 3*n + 2*d. Let f = n - 5. Let j = 34 + f. List the prime factors of j.
13
Let t = 9 - 15. List the prime factors of -24*t/9 - 0.
2
Let h(j) = -7*j + 5. Let q be h(4). Suppose -3*f - 102 = -3*u, 3*u - 3*f + 2*f = 100. Let i = u + q. What are the prime factors of i?
2, 5
Suppose 5*l - 574 = -3*s, 513 + 461 = 5*s + 4*l. What are the prime factors of s?
2, 3, 11
Let m(b) be the first derivative of b**4/4 + b**3 - b - 2. Let v be m(-3). What are the prime factors of 2 + v - (-1)/1?
2
Suppose 0 = a - 3*p - 7, -5*p = -4*a - a + 25. Suppose -y - 69 = -a*x + 111, 2*x - 88 = y. List the prime factors of x.
2, 23
Let x be 92/20 - (-4)/10. Let u(v) = -v**3 + 3*v**2 + 7*v - 3. Let m be u(x). What are the prime factors of 2/(-8) + m/(-8)?
2
Let r(y) = 106*y + 5. What are the prime factors of r(1)?
3, 37
Suppose q = 4*u - 2, u = 5*q - 7 - 2. Suppose -q*f + 18 = -0*f. List the prime factors of f.
3
Let m(t) = 1 + 5*t + 1 - 7. List the prime factors of m(9).
2, 5
Let o(k) = -65*k - 5. What are the prime factors of o(-2)?
5
Suppose -n + 0*n = -5. Let j(m) = 3*m**2 + m - 2. Let t be j(-2). Suppose -n*b + t = -b. What are the prime factors of b?
2
Suppose i + 3*i - 12 = 0. Let o(z) = 3*z**2 - 4*z + 3. Let g be o(i). Suppose 5*t = 4*d - 72, 2*d - d - g = -2*t. List the prime factors of d.
2, 3
Let z(p) = -12*p - 1. Let c be 30/(-18) + 1/(-3). What are the prime factors of z(c)?
23
Suppose 0*o + o + 12 = -4*f, 0 = -4*o + 3*f + 9. Suppose -3*k + o*k - 54 = 0. List the prime factors of 1/((-3)/k - 0).
2, 3
Suppose 2*y + 2*z - 5 - 7 = 0, 2*y + 12 = 4*z. Suppose 16 = y*r - 10. What are the prime factors of r?
13
Let x be (0 + -2)/(4/6). Let y be (-107)/x - 2/3. Let p = -22 + y. List the prime factors of p.
13
Suppose j = 6 - 1. Suppose -j*l = -3*k - 3 - 4, 0 = 3*l + 2*k - 8. What are the prime factors of l?
2
Suppose -4*p + 3*p = 5. Let q = p + 5. Let h = 4 + q. List the prime factors of h.
2
Suppose -q + 15 + 21 = 0. Let t